0
Let m(j) = j**2 - 10*j - 9. Give m(0).
-9
Let n(r) = 2*r**2 - 6*r - 12. Determine n(6).
24
Let f(h) = -h**2 - 16*h - 9. Give f(-12).
39
Let t(x) = -x**3 - 62*x**2 + 196*x + 58. Calculate t(-65).
-7
Let q(f) = -71*f - 3. Calculate q(2).
-145
Let b(o) = -o**2 + 40*o + 83. Determine b(-2).
-1
Let p(o) = -22*o**3 - 4*o + 3. What is p(1)?
-23
Let a(w) = w**3 + 2*w**2 - w - 3. Give a(-4).
-31
Let z(b) = -b**3 + 5*b**2 + 7*b + 1. What is z(6)?
7
Let q(y) = 5*y - 69. What is q(15)?
6
Let q(t) = -t**2 - 13*t + 3. Calculate q(-13).
3
Let m(c) = 12*c**3 - 9*c**2 + 8*c + 2. Determine m(1).
13
Let n(v) = -2*v**2 - 18*v + 4. Calculate n(-9).
4
Let g(y) = -y**3 + 10*y**2 - 11*y - 14. What is g(9)?
-32
Let f(j) = -3*j + 7. Calculate f(1).
4
Let h(p) = p**3 - 5*p**2 - 9*p + 2. Give h(6).
-16
Let k(c) = 2*c**3 - 23*c**2 + 10*c + 11. Determine k(11).
0
Let w(k) = -37*k - 70. Give w(-2).
4
Let x(v) = -40*v + 7. Determine x(6).
-233
Let h(p) = -3*p - 9. What is h(-5)?
6
Let n(v) = 147*v**3 + v + 1. What is n(-1)?
-147
Let u(b) = -b**3 + 1. Determine u(0).
1
Let s(t) = t - 1. Calculate s(10).
9
Let k(x) = -x**3 - x**2 - 3. What is k(0)?
-3
Let u(q) = 4*q**2 + 3*q + 1. Calculate u(-2).
11
Let s(h) = h**2 + 71*h - 812. Calculate s(10).
-2
Let c(u) = -2*u - 7. Determine c(1).
-9
Let r(a) = a**2 - 2. Determine r(-4).
14
Let k(f) = -29*f**3 - f**2 + 1. What is k(1)?
-29
Let c(j) = -2*j**3 + 8*j**2 - 2*j + 48. Give c(5).
-12
Let d(x) = 2*x**3 + 2*x**2 - x. Calculate d(1).
3
Let f(z) = z**3 - 14*z**2 + 25*z + 30. Give f(11).
-58
Let q(a) = -a**3 + 28*a**2 + 61*a - 26. Calculate q(30).
4
Let i(l) = -7*l - 9. Calculate i(-4).
19
Let s(j) = -2*j**2 - 6*j - 1. What is s(-4)?
-9
Let p(z) = -14*z - 1. What is p(-1)?
13
Let o(t) = 18*t**2 - 5*t + 5. Give o(2).
67
Let j(l) = 23*l - 13. Give j(1).
10
Let z(u) = 9*u - 35. What is z(0)?
-35
Let f(s) = -3*s**3 - s**2 - 3. Give f(2).
-31
Let x(n) = 2*n**2 - 4. Determine x(-4).
28
Let u(g) = g**3 - 20*g**2 - 2*g + 40. Give u(20).
0
Let h(n) = n**3 + 28*n**2 + 54*n + 58. Determine h(-26).
6
Let q(w) = w**3 - 8*w**2 - 23*w + 7. What is q(9)?
-119
Let h(i) = 2*i**2 - 8*i - 4. Determine h(5).
6
Let u(g) = -3*g - 68. Calculate u(20).
-128
Let n(r) = 3*r**3 + r + 1. Calculate n(2).
27
Let i(a) = -a**2 - 10*a - 16. Give i(-7).
5
Let h(w) = -w**3 - 2*w**2 + 3*w + 10. Give h(4).
-74
Let a(z) = 4*z - 37. What is a(16)?
27
Let a(y) = 74*y - 1. Calculate a(-1).
-75
Let j(x) = -x**3 + 4*x**2 - 6*x + 5. Give j(4).
-19
Let x(q) = -q**3 - 16*q**2 - 59*q + 41. Give x(-8).
1
Let x(s) = 2*s**2 + 3*s - 1. What is x(-5)?
34
Let k(r) = r**3 + 2*r**2 + 13*r - 21. Determine k(0).
-21
Let y(z) = -2*z**2 - 31*z - 12. Give y(-15).
3
Let m(p) = 32*p**2 + 8*p + 11. What is m(-2)?
123
Let y(d) = -d**3 + 15*d**2 - 15*d - 15. Give y(14).
-29
Let s(w) = -w**3 - 8*w**2 + 11*w + 22. Give s(-9).
4
Let d(y) = 17*y + 1. What is d(-1)?
-16
Let m(r) = 2*r**2 + 3*r + 21. What is m(8)?
173
Let y(v) = -6*v + 3. Determine y(12).
-69
Let d(x) = x**3 - 5*x**2 + 3*x + 5. Give d(5).
20
Let y(t) = -2*t**3 + 4*t**2 - 3*t + 9. What is y(3)?
-18
Let l(j) = -2*j + 9. Calculate l(4).
1
Let g(x) = -x + 10. What is g(0)?
10
Let x(t) = 7*t - 47. What is x(6)?
-5
Let u(x) = -8*x**2 - 7. Determine u(4).
-135
Let g(a) = -a**3 - 2*a**2 - 14*a - 3. Calculate g(-4).
85
Let s(i) = 5*i - 81. Calculate s(22).
29
Let s(f) = -198*f**2 - 5*f + 5. Calculate s(1).
-198
Let r(z) = 3*z + 14. What is r(6)?
32
Let r(d) = -d**3 + 10*d**2 - 20*d + 11. Determine r(7).
18
Let y(d) = 15*d - 4. Give y(1).
11
Let f(y) = -2*y + 2. Calculate f(-1).
4
Let u(s) = 4*s + 42. Calculate u(-11).
-2
Let o(d) = d**2 - 4*d + 5. Give o(4).
5
Let t(x) = 2*x + 3. Calculate t(3).
9
Let b(l) = -l**2 + 4*l. Determine b(2).
4
Let y(f) = 3*f**2 - 10*f + 9. Calculate y(1).
2
Let c(k) = -k**3 + 8*k**2 - 17*k + 22. Calculate c(7).
-48
Let x(i) = -i**3 - i**2 + i + 3. Calculate x(-2).
5
Let b(d) = d**3 - 2*d**2 + 9*d + 1. Determine b(0).
1
Let q(j) = -2*j**3 + 12*j**2 - 4*j + 11. Give q(6).
-13
Let m(i) = -i**2 + i + 17. What is m(6)?
-13
Let x(a) = -a**3 + 19*a**2 - 4. Determine x(19).
-4
Let l(b) = -2*b**3 - 32*b**2 - b - 6. Calculate l(-16).
10
Let i(r) = -r**3 - r**2 - r - 16. Give i(-3).
5
Let p(z) = 27*z**2 + z + 10. Give p(-2).
116
Let c(p) = p**2 - 16*p - 17. What is c(-1)?
0
Let j(n) = 2*n**3 - 2*n**2 - n + 18. Calculate j(0).
18
Let d(m) = m**3 + 4*m**2 - 4*m + 6. What is d(-5)?
1
Let l(s) = -8*s + 18. Calculate l(3).
-6
Let y(u) = -u**2 - 2*u - 3. Give y(-2).
-3
Let i(g) = -g**2 + 12*g + 2. Determine i(13).
-11
Let z(r) = -10*r - 29. What is z(-7)?
41
Let z(k) = -k**2 - 13*k - 29. What is z(-8)?
11
Let h(m) = -45*m**2 - m - 1. What is h(-1)?
-45
Let c(z) = z**2 - 13*z - 9. Give c(13).
-9
Let o(z) = 3*z - 34. Calculate o(15).
11
Let l(z) = -z**3 - z**2 - 3*z. Give l(-4).
60
Let p(x) = 53*x**3. What is p(1)?
53
Let r(c) = c - 1. Calculate r(1).
0
Let t(y) = -y**3 + 5*y**2 - 3*y + 4. Determine t(4).
8
Let g(b) = -b**3 + 6*b**2 - 5*b + 5. Calculate g(2).
11
Let g(c) = -c**3 + 55*c**2 - 249*c - 52. Give g(50).
-2
Let g(i) = 12*i - 53. Give g(4).
-5
Let d(o) = o**3 - 5*o**2 - 15*o + 19. Give d(7).
12
Let q(s) = -18*s**2 - 10*s - 8. Give q(-1).
-16
Let g(o) = o**3 - 4*o**2 + o + 3. Give g(2).
-3
Let r(v) = v**2 - 6*v. Calculate r(9).
27
Let u(z) = z**3 + 11*z**2 + 15*z - 10. What is u(-9)?
17
Let y(r) = -r**3 - 15*r**2 - 13*r + 2. Give y(-14).
-12
Let y(w) = -2*w**3 - 2*w**2 + w - 7. Calculate y(-3).
26
Let z(c) = -4*c + 10. What is z(3)?
-2
Let r(x) = x**2 + 16*x + 59. Determine r(-9).
-4
Let l(k) = k**2 - 3*k. What is l(5)?
10
Let b(d) = 3*d**2 - 67*d - 47. What is b(23)?
-1
Let x(h) = -7*h - 5. What is x(-4)?
23
Let r(q) = -q**2 - 10*q + 17. Calculate r(-12).
-7
Let o(j) = 32*j**3 - j**2 - j - 1. Determine o(-1).
-33
Let l(f) = -12*f + 124. What is l(10)?
4
Let f(x) = -x**3 + 3*x**2 - 4*x + 3. Calculate f(3).
-9
Let d(y) = y**3 - 5*y**2 + 81*y - 314. Calculate d(4).
-6
Let y(l) = 19*l + 2. Calculate y(-2).
-36
Let f(r) = -8*r + 55. Give f(6).
7
Let j(t) = 27*t**3 - t**2 - 2*t - 1. Calculate j(-1).
-27
Let b(h) = 5*h**3 + 2*h**2 + 4*h + 4. Determine b(-2).
-36
Let h(b) = 44*b - 747. Calculate h(17).
1
Let g(h) = -h**3 - 2*h**2 + 2*h + 1. Calculate g(-1).
-2
Let k(b) = b**3 + 19*b**2 + 17*b - 8. Give k(-18).
10
Let m(z) = -z**3 - 7*z**2 + 18*z + 79. Calculate m(-8).
-1
Let k(y) = -y**3 - 2*y**2 - 2*y + 4. What is k(-3)?
19
Let l(u) = 4*u**2 + 21*u - 1. Give l(-5).
-6
Let r(m) = 2*m**2 + 2*m - 1. What is r(1)?
3
Let u(p) = -p**3 + 7*p**2 - 3*p + 27. Calculate u(7).
6
Let x(h) = 18*h + 239. What is x(-14)?
-13
Let v(q) = -q - 27. Determine v(-6).
-21
Let z(a) = -a**2 + 16*a + 90. Calculate z(20).
10
Let b(c) = 2*c - 40. Determine b(13).
-14
Let y(g) = g**3 - 9*g**2 + 22*g - 6. Calculate y(5).
4
Let t(x) = 17*x + 45. What is t(-12)?
-159
Let j(s) = 2*s**2 + 6*s + 4. What is j(-5)?
24
Let o(l) = l**2 - 15. Calculate o(3).
-6
Let g(u) = u**2 - 8*u - 2. Calculate g(9).
7
Let c(g) = -g**3 + 4*g**2 + 4*g + 4. Give c(5).
-1
Let f(n) = -3*n + 189. Calculate f(55).
24
Let i(g) = g**3 - 16*g**2 + 10*g + 14. Give i(15).
-61
Let x(g) = -g**2 + 5*g - 6. Calculate x(4).
-2
Let v(z) = -2*z + 17. What is v(5)?
7
Let v(o) = -o**3 + 5*o**2 + 6*o - 5. Calculate v(6).
-5
Let q(p) = -p**3 + 10*p**2 - 14. What is q(9)?
67
Let i(u) = -u**3 - 8*u**2 - 6*u - 40. Give i(-8).
8
Let s(r) = r**2 - 8*r - 77. Calculate s(15).
28
Let h(w) = w**3 + 7*w**2 + 2*w - 4. Calculate h(-5).
36
Let w(d) = 11*d + 25. Give w(-4).
-19
Let b(c) = -9*c - 4. What is b(2)?
-22
Let l(m) = m**3 + 4*m**2 - 14*m - 7. What is l(-6)?
5
Let u(t) = -t**3 - 5*t**2 + 8*t + 4. Calculate u(-5).
-36
Let z(o) = o**3 + 6*o**2 + 9*o + 22. Calculate z(-5).
2
Let t(a) = -a**3 + 5*a**2 + 2*a + 6. Calculate t(5).
16
Let g(w) = w + 27. Calculate g(17).
44
Let n(c) = -c + 8. Give n(-7).
15
Let s(r) = -r**3 - 97*r**2 + r + 100. What is s(-97)?
3
Let l(p) = p**2 + 3*p - 33. Give l(-7).
-5
Let f(k) = -16*k + 156. Calculate f(9).
12
Let i(h) = h**2 - 8*h + 2. Calculate i(5).
-13
Let s(k) = -3*k**2 + 12*k - 7. Determine s(6).
-43
Let a(y) = 5*y - 149. Determine a(31).
6
Let a(t) = t**3 - 14*t**2 - 30*t - 32. Determine a(16).
0
Let w(a) = 4*a - 167. Calculate w(41).
-3
Let y(p) = -5*p + 1. What is y(9)?
-